
Calculate 1 + -5 - (-13 - -4).
5
-2 - (-1 - (-3 + 2))
-2
3 + (-3 - -1 - -1)
2
Calculate 1 + -7 - (10 + -13 + -14).
11
Evaluate 11 - 7 - (3 + -1).
2
Calculate 7 + 6 + 9 + -17.
5
What is the value of (1 - 0) + 4 + (73 - 82)?
-4
Calculate -10 + -8 + 9 + 2.
-7
Evaluate 4 - (12 + -9 + -3 + 0).
4
Evaluate 3 - 8 - (-3 - -1).
-3
What is (3 - (-3 - 0)) + -2?
4
What is 3 - (3 - -1 - -2)?
-3
Calculate 0 + 2 - (-105 + 113).
-6
What is the value of 12 + 3 - 6 - (1 + -1)?
9
What is (-2 - 9 - -16) + 3?
8
Evaluate -4 + 0 + 0 - -8.
4
What is the value of -6 + (-3 - -5 - -3)?
-1
Evaluate (5 - 4) + (4 - 2).
3
-1 + 2 + -3 + 0 + -2
-4
7 + (3 - 5) + -4 + 1
2
(-2 + -1 - -1) + -2
-4
Calculate 4 - (5 - (7 - (6 - 2))).
2
Calculate 2 - ((-1 - (-2 + 2)) + -1).
4
What is the value of (1 - 3) + 3 + -5?
-4
What is the value of 1 + (-4 + 0 - -3)?
0
Calculate 3 - (1 + 2 + 1 - 5).
4
Calculate -2 - (11 - (-6 - -16)).
-3
What is the value of -2 + (-7 - -2 - (-5 + 1))?
-3
What is -10 + 5 + (-14 - -14)?
-5
Evaluate -5 + 2 + -10 + 7.
-6
Evaluate 6 + (-4 + 2 - 1) + 0.
3
3 + (0 - 4) + 0 + 2
1
What is the value of (-2 - 1) + 7 - 5?
-1
What is -3 + 0 + 3 + (-6 - -1)?
-5
Evaluate 4 - 1 - (5 - -4).
-6
10 + -5 + (0 - 5)
0
Calculate 6 - (7 - 9) - 1.
7
What is the value of -4 - (-5 - (-4 - -5))?
2
What is the value of -4 - (-6 + 7 + (-3 - 3))?
1
Evaluate (-10 - (-12 - 3)) + (2 - 2).
5
What is the value of 3 - (3 - 2) - 5?
-3
What is the value of -2 - ((2 - 1) + -2)?
-1
What is the value of (5 - 7) + (2 - (4 + -6))?
2
(2 - -1) + (9 - 7)
5
Evaluate -4 + (5 - 3 - (2 + -1)).
-3
What is the value of -1 + 2 + 3 + -17 + 10?
-3
(-9 + 20 - (1 + 5)) + 0
5
Evaluate 4 - (3 + -1 + 6) - -8.
4
Evaluate (-21 + 20 - (-7 + 0)) + -4.
2
Calculate -4 + -6 - (2 + -6).
-6
Calculate 2 + 7 + -9 - -1.
1
What is 21 + -7 - (13 - 4)?
5
(-1 - (3 + 0)) + 11 + -8
-1
Calculate (-3 + (9 - -2) - 4) + -1.
3
Calculate -9 + 3 + -8 + (-5 - -13).
-6
Evaluate 0 + 1 + 0 + -1.
0
What is the value of 10 + -14 + (-1 + -1 - -1)?
-5
What is -7 + 7 - -6 - (4 - -1)?
1
Evaluate -2 + (-7 - -4) + 0 + 3.
-2
Calculate 8 + -16 - (1 - (-2 + 5)).
-6
What is 8 - (-3 - -9 - 0)?
2
What is the value of 3 - 0 - (-1 - -5)?
-1
Evaluate -4 - (3 - 4) - -1.
-2
-1 + 7 - (-39 + 48)
-3
-11 - -16 - (-2 + 8)
-1
-2 + 1 + (0 + -1 - -1)
-1
What is the value of (11 - 7) + (5 - 1)?
8
(6 - -5 - 4) + 0
7
Calculate 4 - -1 - (22 + 1 - 17).
-1
Evaluate -4 + (1 - -4) + (-9 - 1).
-9
Evaluate (16 - (17 + -10)) + -10.
-1
What is -1 - -2 - 0 - 0 - 1?
0
Calculate 6 + 0 + -1 + 2 + -6.
1
Calculate (-2 - (-2 + -6)) + -9.
-3
What is 3 + -1 + 2 - 1?
3
What is the value of -8 - (-16 + 5 - 2)?
5
Calculate (-1 - (2 - (6 - 2))) + 3.
4
What is the value of 5 - (6 + -7 + 7 + -4)?
3
-19 - -16 - (3 + 1)
-7
What is 5 - (2 + 5 + -2 + -5)?
5
-6 + 12 + (-6 + 12 - 9)
3
7 + 2 - (2 - -2)
5
What is the value of 1 + 2 + -72 + 62?
-7
What is 3 + -7 + 3 + 4 - 4?
-1
Calculate (3 - -4) + (0 - 1).
6
Evaluate -45 + 43 - (-5 - (-1 - -2)).
4
Calculate -1 + 5 + (4 - 3).
5
What is the value of (10 - 2) + -4 + -9?
-5
-49 + 38 + 0 + 5
-6
Evaluate 6 + -7 - (-13 - -6).
6
Evaluate -3 + 2 + 5 + (2 - 7).
-1
6 + 12 + -16 + (0 - 0)
2
Evaluate (-2 - (-4 + 8)) + 3.
-3
Calculate -10 + 13 + (-3 - -1) + 3.
4
Calculate 1 + (-9 - -5 - 3).
-6
Evaluate (-2 - (2 - 6) - -1) + 4.
7
(14 - 9) + (1 - 3) - -1
4
What is the value of -2 + 9 - 5 - (-1 + 3)?
0
What is 12 - (-1 + 4 + 5)?
4
Calculate (-4 - -1 - -2) + (-7 - -1).
-7
-24 + 19 - (1 + -2 + 1)
-5
5 + (-3 - (-18 - -11))
9
What is the value of -13 + 18 - (1 + 0 + 0)?
4
Evaluate 2 + 7 + -13 + -1.
-5
What is 2 + 5 + 1 + -10?
-2
Calculate 1 + (-6 - -2) + -2.
-5
What is 1 - (-15 + 14 + (3 - -1))?
-2
What is the value of 0 + 1 - (-7 - 0 - -9)?
-1
Calculate (-2 - -2) + 0 - 3 - -5.
2
Evaluate -7 - (-4 - -3) - -2.
-4
(-3 - 0) + (2 - 2) + 0
-3
What is -1 - -7 - (-22 - -21) - 0?
7
Evaluate 4 - (-3 + -1 + 4).
4
Calculate -3 - -5 - (0 + -3).
5
What is the value of 3 + (6 - 10 - -1)?
0
Evaluate 7 + (5 - 2 - 3 - 0).
7
Calculate -6 + 2 + (-8 - (-6 + -7)).
1
Calculate (7 - 6) + (-2 - 0).
-1
Calculate -2 + 0 + -2 - (47 - 46).
-5
-15 + 12 + (-1 - -2 - -11)
9
What is 11 - (-1 - -5) - 4?
3
What is (-6 - (2 - (2 + 3))) + -1?
-4
Calculate -3 + 2 - (5 + -1).
-5
What is the value of 4 + 2 + (4 - 6)?
4
Calculate (-2 - -8 - 8) + 1.
-1
Calculate -2 - -6 - (-4 + 5 + 6).
-3
Calculate 13 + (-15 - -7 - 5).
0
5 + -9 + -2 - -1 - -1
-4
What is the value of 8 - (3 + (-3 - -6))?
2
Calculate 1 + -17 - -10 - (-10 - 1).
5
Evaluate 3 - (-2 - (-3 + 4 - 8)).
-2
Calculate -1 + (3 - 6) + 4 - 0.
0
What is -2 + -1 + 1 - 1?
-3
Evaluate -8 + 4 - -3 - (30 + -29).
-2
What is 4 + (1 - (0 + 4)) - -3?
4
Evaluate (-4 - (-6 + 2)) + 2.
2
What is the value of (-8 + 9 - 0) + 1 + -3?
-1
1 - (-1 + (1 - -2 - 0))
-1
1 + 1 + 0 + (3 - 9)
-4
Evaluate 4 + -3 + -8 + 8 + 10.
11
Evaluate (-6 + 14 - (9 + -1)) + -4.
-4
What is -6 + 8 + 3 + 5?
10
What is the value of (3 - (-8 - (1 - 8))) + -8?
-4
What is (11 - 17 - -15) + -8?
1
Evaluate 10 + (3 - -3 - (19 - 6)).
3
Calculate (-5 - -2) + -2 - (0 + -10).
5
3 + -7 + 4 + 2
2
What is -1 - (-3 + 2 + 1) - 1?
-2
What is (-4 + 18 - 8) + (-15 - 0)?
-9
Evaluate (1 - -1) + -12 + 11 - 2.
-1
What is 11 - 13 - (-3 + 3)?
-2
What is 2 + (-9 - -11) - -4 - -3?
11
What is the value of -3 + 3 - (-17 + 19)?
-2
(0 - 1) + 11 + -5
5
-6 + 2 + 1 + 2
-1
Evaluate 1 + (-4 + 3 - 5).
-5
Evaluate -1 - (-2 + 2) - (5 + -11).
5
What is the value of (-1 - 1 - 4) + -3 + 6?
-3
Evaluate -199 + 214 - (1 - -10).
4
(10 + -4 - (-4 - -8)) + -3
-1
Evaluate -7 + 4 + (-1 - 4) + 5.
-3
What is -4 - 0 - ((0 - -2) + -4)?
-2
What is -5 - (3 - (1 - -4))?
-3
What is the value of 2 + (-10 - -3) + 3?
-2
What is the value of -8 + (13 - (-5 - -10))?
0
What is the value of 0 + (1 - 5) + 8?
4
What is 3 - (-7 + 6 - 2 - 3)?
9
Evaluate 53 + -52 + -3 + -2 + 9.
5
Evaluate -4 + -1 + 1 - -3.
-1
What is the value of 1 - (4 + -12 + 2 - -5)?
2
10 + -19 + 3 + 2 + 0
-4
-10 + (14 - (8 + 0))
-4
What is 0 + -4 + -2 + 1 - -3?
-2
What is -2 + 3 - (4 - 9)?
6
0 + 1 + -6 + 8
3
Calculate 10 - 8 - (0 + 1).
1
-6 - (3 + 4 + -11 + 0)
-2
Calculate 5 + 0 + -11 + 14 + -7.
1
Calculate 3 - 6 - (-1 + 2).
-4
What is the value of -3 + -4 + -8 + 15 + 4?
4
What is 5 + 2 - (8 + -2)?
1
What is -30 + 23 + (-1 - -7)?
-1
What is 1 + -5 + 2 + 6?
4
What is -2 + -5 + 2 + 2 + 4?
1
Calculate -12 + 4 + 1 - -3.
-4
Calculate 1 + 8 + (-13 - (-8 - -1)).
3
Evaluate -2 - (-2 + (6 - 3)).
-3
-12 + 7 - (-13 - -4 - -5)
-1
-2 + (-10 - (-3 + -6))
-3
-1 + 3 - (-30 - -29)
3
-8 + (1 + 0 - (-11 + 5))
-1
36 + -34 - (3 + 1 + -1)
-1
What is -7 + (-3 + 3 - (5 + -6))?
-6
(-3 - 4) + 7 - -4 - 5
-1
What is -5 - 1 - (92 + -90)?
-8
What is -1 + 1 + (0 - 2) + -3?
-5
Calculate -1 + 0 + 7 + -4.
2
Evaluate (-8 - -11) + 6 + -9.
0
Calculate 1 + -4 + 1 + (4 - -1).
3
Calculate -3 + (7 + 4 - 4).
4
Calculate -6 + 4 + 7 - 1.
4
What is 3 + (4 - (-1 + 3))?
5
What is (0 - (1 - -3)) + 0 + -3?
-7
Calculate (3 - -1) + 4 + -7.
1
Evaluate (2 - -2) + -1 + (-3 - 2).
-2
Evaluate -2 + (-1 - -6) + -7 - -4.
0
What is the value of 0 + -5 + 12 - 2?
5
-3 + -8 + -4 + 8
-7
Evaluate -5 + (3 - (8 + -15)).
5
Calculate 0 - (3 + -2 + 2).
-3
3 - (9 - 5 - 6)
5
What is -2 - 5 - (9 - 9) - -3?
-4
Evaluate 15 - 13 - ((0 - 2) + 5).
-1
3 - 1 - (5 + 1 - 7)
3
What is -3 + -6 + 9 - 3?
-3
-4 + -11 + (17 - 8)
-6
Calculate (-1 - 8) + 23 + -12.
2
3 - (8 - (1 - -1)) - 0
-3
What is -10 + 14 + 0 + 0?
4
-10 - ((1 - 29) + 10)
8
What is the value of (-53 - -45) + 0 + 1?
-7
What is 186 + -186 + 0 + 4 + 1?
5
Evaluate -1 - -2 - (5 + -4).
0
What is the value of (-2 - -3) + -1 - (3 + 1)?
-4
Evaluate 2 + -1 + -2 - (19 - 21).
1
What is -5 + 1 - (-20 + 21)?
-5
What is the value of 0 + -3 + -4 + 3?
-4
What is the value of 0 - (0 + 1 + -3)?
2
6 - (-3 + 8 + 5 + -4)
0
What is the value of -2 + 5 - 3 - -3?
3
Calculate -11 - (2 - 10) - (-2 - -3).
-4
Evaluate -4 - (-8 + 1 + (0 - -3)).
0
-5 - (3 + -10) - (-5 + 3)
4
Evaluate -3 + -1 - (8 - (9 + 2)).
-1
What is -4 + -1 + 5 + (-36 - -41)?
5
What is the value of 8 + 0 - (-2 + 13)?
-3
What is the value of -4 - 1 - (-11 - -3)?
3
What is the value of 1 - (3 + 0) - (-15 + 11)?
2
(-1 - 0 - -3) + 3
5
What is the value of -1 - (-4 + 3 - -2)?
-2
Calculate 1 + 1 + (-13 - -8).
-3
Calculate 0 + -2 + 2 + -28 + 33.
5
What is (-12 - (-3 - 3)) + 9?
3
What is the va